mmon divisor of u and 55?
5
Let k(p) = 3*p - 6. Suppose 16 = -7*u + 3*u. Let t = u - -8. Let n be k(t). What is the greatest common factor of 12 and n?
6
Let t = -184 + 744. Calculate the greatest common divisor of t and 28.
28
Suppose -20 = -q - 6*y + 3*y, 0 = 2*q + y - 35. Calculate the highest common divisor of q and 782.
17
Let a = -32 - -44. Suppose 15*h - a*h = 30. Calculate the greatest common divisor of h and 20.
10
Let z be 57/4*32/8. Let t = -20 + z. Suppose t = 3*k - 131. What is the greatest common divisor of 7 and k?
7
Suppose -60*m + 132 = -56*m. Calculate the highest common factor of 33 and m.
33
Let r = 85 + -49. Let p = r - 26. Calculate the greatest common divisor of p and 110.
10
Let w(l) = l**3 - 29*l**2 + 3*l - 76. Let p be w(29). What is the highest common divisor of p and 737?
11
Let p be -1 - (-3868)/32 - 1/(-8). Calculate the highest common factor of 15 and p.
15
Let g = -422 - -454. What is the highest common factor of g and 608?
32
Let w be 2373/18 - 2/(-12). Let q = w + -57. Suppose 4*t - 57 = 3*r, r + r = t - 13. Calculate the highest common factor of t and q.
15
Let n = 280 + -271. Let k(h) = -h**2 - 15*h + 7. Let w be k(-8). Calculate the greatest common divisor of w and n.
9
Let p(u) = -u**2 + u + 94. Let b be p(0). Suppose 4*j = q + 52, 5*q + 18 = -4*j + b. Calculate the highest common divisor of j and 35.
7
Let u = -39 - -55. Let r = u + -12. Suppose 58 - 562 = -r*q. Calculate the highest common divisor of q and 14.
14
Let r(a) = -a**3 - 9*a**2 - 21*a - 7. Let b be r(-6). Calculate the greatest common factor of 88 and b.
11
Let o(w) = 2*w**2 - 26*w - 28. Let j be o(14). Suppose -2*c + j*c = -288. Calculate the greatest common divisor of 16 and c.
16
Let q(m) = -2*m - 9. Let z be q(-6). Suppose l - 1 = -5*k + 3, -3*k = -2*l + 8. Let j be (l/(-6))/(10/(-135)). Calculate the highest common divisor of j and z.
3
Suppose 271 = 2*h + 61. Calculate the greatest common factor of h and 15.
15
Let f = -591 + 815. What is the greatest common factor of f and 288?
32
Suppose -3*d - 3*w - 401 = d, -3*d = 2*w + 302. Let n = 149 + d. Suppose -j = -4*j + n. What is the highest common factor of j and 120?
15
Let k be 10*1/8*4. Suppose -15 = -48*r + 45*r. Suppose 3*f - 33 = k*v + 2, 0 = 2*f - r*v - 20. Calculate the highest common factor of 45 and f.
15
Let h be 2/1*(1 - -9). Suppose 166*d - 149*d - 510 = 0. What is the greatest common factor of h and d?
10
Let j be 0 - -9*5/(-3). Let p = 54 + j. Calculate the highest common divisor of 13 and p.
13
Let a = 231 + -140. Calculate the highest common divisor of a and 26.
13
Let v = -19 - -22. Suppose -2*r = -r - 4*j - 12, 69 = v*r - j. What is the greatest common factor of r and 72?
24
Suppose -9*m + 5*m = -5*f - 750, 0 = -5*f + 10. What is the greatest common divisor of 266 and m?
38
Let v = 27 - 19. Let y(f) = 4*f**3 - 5*f**2 + 15*f - 2. Let m be y(5). Suppose -10*u + m = -2*u. Calculate the greatest common factor of u and v.
8
Suppose 5 = 3*b + 2*b. Let p be (8 - 13)/(b/(-3)). Calculate the highest common factor of 6 and p.
3
Let h be (2 - (-20)/(-6))*165/(-22). Let j be (-37)/(-5) + 1 - 4/h. What is the greatest common divisor of 24 and j?
8
Let n be (34/(-6) - 0)*-6. Suppose 5*r - 25 = -0*r. Suppose r*z + 4*m - 259 = 0, 0 = -2*z + 3*z + 5*m - 56. Calculate the greatest common divisor of n and z.
17
Suppose 0 = 5*i + 20, -8*i - 1367 = -p - 7*i. Calculate the greatest common divisor of p and 29.
29
Suppose 17*y = 107 + 216. Calculate the greatest common divisor of y and 323.
19
Let d be 1 + (-4)/8 - 6046/(-4). What is the greatest common divisor of d and 28?
28
Suppose 2*u + 5 - 17 = 0. Let a(r) = -r**3 + 3*r**2 + 2. Let x be a(3). Calculate the highest common divisor of x and u.
2
Let m(o) = -o**2 + 27*o + 538. Let b be m(30). Calculate the greatest common divisor of 35 and b.
7
Let l be -1 - 18/(-14) - 290/(-14). Let d = 99 + l. What is the greatest common factor of 24 and d?
24
Let j(y) = 39*y**3 + y**2 - y + 1. Let h be j(1). Suppose -63*x = 65*x - 1091 + 67. What is the greatest common factor of h and x?
8
Let q be (-13*(-20)/65)/(2/16). What is the highest common factor of 3296 and q?
32
Let j = 42 - 40. Let n be j/((5/20)/1). What is the highest common factor of n and 12?
4
Let m = 123 + -57. Let q = m + -54. Calculate the greatest common divisor of q and 84.
12
Suppose 9 = 6*z - 15. Let o(q) = q**3 + 4*q**2 - 2*q. Let d be o(z). What is the greatest common factor of d and 24?
24
Let i = 9 + 3. Let h = -115 + 118. Calculate the highest common divisor of i and h.
3
Let k(g) = -3*g + 20. Let z be k(-12). Suppose z*f = 51*f + 450. Calculate the highest common factor of f and 10.
10
Let d(w) = -w**3 + w**2 + w + 7. Let n be d(0). Let i = 46 + -50. Let a be -8*(-8 - -4)/i*-7. What is the highest common divisor of n and a?
7
Let w = 14 - -9. Suppose -l + 5*t + w = 0, -t - 19 = 3*l - 4*l. Calculate the highest common factor of 2 and l.
2
Let m be -1 - (-38 + 1)*1. Suppose -15*i = -14*i - 20. Suppose i = -6*s + 92. What is the greatest common factor of s and m?
12
Let h = -50 + 61. Suppose -f + 3*f = 5*t + 15, -5*f = 3*t + 9. Suppose -2*l = 10, f*q - 8 = -3*q - 5*l. What is the greatest common divisor of h and q?
11
Let a be (-5 + -23)/7*-1. Calculate the greatest common divisor of 16 and a.
4
Suppose 2*p + 3*a = -0 + 2, 2*p = -4*a - 2. Let v(z) = 2*z**2 - 10*z - 10. Let m be v(p). What is the highest common divisor of m and 63?
9
Let u(v) = -v**2 - 8*v + 19. Let r be u(-10). Let w be 41 - 6/2*(r + 0). Calculate the greatest common divisor of 55 and w.
11
Suppose -y + 10*f - 5*f = -700, -f + 1422 = 2*y. Let v = -245 + y. Let g be (4/(-10))/((-6)/v). What is the highest common factor of 62 and g?
31
Let t(k) = k**3 - 3*k**2 - 3*k + 5. Let u be t(4). Let h be u/(((-9)/40)/(-3)). Let m be (1 + h/(-3))*-3. What is the highest common factor of m and 13?
13
Let r = -585 + 2422. What is the highest common divisor of 11 and r?
11
Let d(s) = -4*s + 1. Let c be d(-2). Suppose -12*z + 190 = -7*z. Suppose c*i - z = 8*i. Calculate the highest common factor of 19 and i.
19
Suppose -16 = -169*o + 167*o. What is the greatest common divisor of 72 and o?
8
Suppose 5*y - 32 = 3*u - 198, -5*u - 4*y + 215 = 0. Suppose 127*i = -5*s + 132*i + 495, -s + 119 = -5*i. Calculate the greatest common divisor of s and u.
47
Let i be ((-1)/(-5))/(2/10). Let w be 15 + -2 + (-3 - i). Let z = 2 + -1. Calculate the greatest common divisor of z and w.
1
Suppose -2*h + 3*h - 40 = -4*c, h = -5*c + 40. Calculate the highest common factor of 40 and h.
40
Suppose -i + 29 = 2*j + 15, -3*i = -4*j - 72. What is the highest common divisor of 4 and i?
4
Suppose 81 = 3*p - f, 4*f + 5 = -7. Suppose r - p = d, 2*r - 2*d - 3*d - 55 = 0. What is the greatest common divisor of 75 and r?
25
Let f = -510 + 1342. Calculate the highest common factor of f and 13.
13
Let i(z) = 24*z - 25*z + 4 - 19. Let o be i(-9). Let a be ((-3)/o)/(5/310). What is the highest common divisor of 217 and a?
31
Let m(o) = 2*o**3 - o**2 - 2*o + 2. Let f be m(2). Let d be (-6)/9 - 14/(-3). Let p(w) = 2*w - 3. Let v be p(d). What is the greatest common divisor of f and v?
5
Let b = -49 - -169. Let j be (-3)/9*(-2 - 13). Suppose -2*p + 55 = -j*m, 2*p + p + m - 40 = 0. What is the greatest common divisor of b and p?
15
Let d be (-9)/(-36) - (-118)/8. Suppose u = -g - d, -3*u + g + 3*g - 59 = 0. Let i = u + 27. Calculate the highest common divisor of i and 20.
10
Let x be (0 + -29)*-1 + -2. Let q = 9705 + -9408. Calculate the greatest common divisor of q and x.
27
Suppose -20 = -6*q + 2*q. Let z be 1*q + (-3 - -1). Let x be 2/((-1)/(3/(-2))). What is the greatest common factor of z and x?
3
Let a(k) = -k**3 - 60*k**2 - 118*k - 86. Let y be a(-58). Let r = -11 - -8. Let h(v) = -9*v + 3. Let q be h(r). Calculate the highest common factor of y and q.
30
Suppose 0 = -22*f - 16*f + 23408. Calculate the greatest common divisor of 176 and f.
88
Let r(w) = 0 + 25*w**2 - 238*w - w**3 + 2 + 266*w. Let i be r(26). What is the highest common divisor of 6 and i?
6
Suppose q = 2*q + 4*k - 28, 2*q - 49 = -k. Let a = q - -1. Calculate the highest common divisor of 10 and a.
5
Suppose 2*i + 3*f = 127, f = 3*i + 2*i - 343. Let r be (5 - 7)*(-17)/2. Calculate the highest commo